of k?
23
Let p(h) = 117*h - 167. Let d(m) = -118*m + 164. Let t(n) = 4*d(n) + 3*p(n). What are the prime factors of t(-7)?
2, 3, 167
Let c = -43592 - -79234. What are the prime factors of c?
2, 71, 251
Suppose 0 = 2*n - 4*u - 28, u = -2*u - 15. Suppose 0 = -t + 2*a - n + 22, 1 = -a. Let i(x) = -x**2 + 19*x - 4. What are the prime factors of i(t)?
2, 11
Suppose -92*j + 569635 = -16*j - 3522357. List the prime factors of j.
2, 26921
Let v(q) = 1164*q**3 - 24*q**2 + 55*q - 6. List the prime factors of v(2).
2, 5, 233
Let x(q) = 1190*q - 3. Let t be x(1). Suppose t = -5*g + 3667. Suppose 17*r - g = 13*r. What are the prime factors of r?
2, 31
Suppose 0 = -9*d + 15*d - 18. Suppose 3*q = -d*k + 120, -4*q = -0*q - 2*k - 136. Suppose 5*r + q = 2*a, -3*r - 4 + 58 = 3*a. List the prime factors of a.
2, 3
Suppose 45655 = -20*u + 25*u. What are the prime factors of u?
23, 397
Suppose -2*x - 20 = -7*x. Suppose -x*f + f + 30 = 0. Suppose -q - 1170 = -f*q. What are the prime factors of q?
2, 5, 13
Let d(y) = 250*y - 9. Suppose -3*x + 6 = 3. What are the prime factors of d(x)?
241
Let g = 1330 + 5054. List the prime factors of g.
2, 3, 7, 19
Let b(g) = -g**3 + 10*g**2 - 18*g + 14. Let f(q) = q**2 + 7*q - 22. Let v be f(-10). Let w be b(v). List the prime factors of (-81)/(-6)*3 - 1/w.
41
List the prime factors of (-10 + (-728)/(-70))*81820.
2, 4091
Suppose -5*d - 4*z = -48470, 4*z = -d + 10216 - 538. What are the prime factors of d?
2, 13, 373
Suppose -60469 = 6*j - 180299 - 49766. What are the prime factors of j?
2, 3, 7, 673
Let k be (18/(-4))/9*(-2)/(-1). What are the prime factors of k/((-9)/912)*(-84)/(-16)?
2, 7, 19
Let p(k) be the first derivative of 15*k**3 + 2*k**2 - 5*k + 14. What are the prime factors of p(2)?
3, 61
Let p = 0 + 5. Let v(r) = r**3 - 6*r**2 + 3*r + 12. Let f be v(p). Suppose f*u + 2*u - 340 = 0. List the prime factors of u.
5, 17
List the prime factors of 16/((-5440)/(-1508540)) - ((-8)/34)/2.
3, 17, 29
Let p(t) = -t - 23. Let u be p(-11). Let f(x) = -x**3 - 12*x**2 - 8*x + 5. Let b be f(u). Let i = 172 - b. What are the prime factors of i?
71
Let k(g) = -4*g + 5. Let q be k(1). Let c be (-3)/q + 6*(-13)/2. Let s = 22 - c. What are the prime factors of s?
2
Let z(q) = 4*q**3 - 4*q**2 - q + 7. Let j be z(2). What are the prime factors of (-7)/(j/(-1254)) - (-7 - -5)?
2, 3, 5, 7
Let m = 52 - 48. Suppose -3*c - 396 = -m*c - 2*t, c + 5*t - 390 = 0. List the prime factors of c.
2, 5
Let v = 2739 - -10013. List the prime factors of v.
2, 797
Suppose 13*j - 19*j = 22*j - 800324. What are the prime factors of j?
101, 283
Let g = -61 + 67. Suppose -g*t + 4*t + 966 = 0. What are the prime factors of t?
3, 7, 23
Let i(g) = 512*g**3 - 10*g**2 + 17*g - 112. List the prime factors of i(4).
2, 7, 1163
Let r(y) be the first derivative of -1/2*y**2 - 4*y + 20 + 0*y**3 + 1/2*y**4. What are the prime factors of r(4)?
2, 3, 5
Let r(u) = -u**2 + 12*u - 25. Let k be 16/6*(5 - (-16)/(-8)). Let f be r(k). Let z = 47 - f. List the prime factors of z.
2, 5
Let c = 139 - 136. Let y = 30 + c. List the prime factors of y.
3, 11
Let d = -7677 + 35722. What are the prime factors of d?
5, 71, 79
List the prime factors of ((7 - 5) + 261)*(-194)/(-2).
97, 263
Let f(d) be the second derivative of 81*d**5/20 + d**4/3 - 3*d**2/2 - 37*d + 1. List the prime factors of f(1).
2, 41
Suppose 0 = l - 4*l - 3. Let g be l/(-3) + (2 - (-350)/(-6)). What are the prime factors of (g + -2 - 1)*-2?
2, 59
What are the prime factors of (-11*(5 - 3))/((-32)/8752)?
11, 547
Suppose 4*a + 3 = 3*w, -5*w + 16 = -6*a + 3*a. Suppose 2097 = 12*z - 9*z - d, -a*d - 1398 = -2*z. List the prime factors of z.
3, 233
Let f be (6/(-8))/(4/(-16)). Let w be f*(-2 + 3) - -1. Suppose -9 = d - 2*d + 3*m, 4*d - w*m = 52. What are the prime factors of d?
3, 5
Let q = -114 - -2142. Suppose -4*m + 624 = -q. List the prime factors of m.
3, 13, 17
Let w(j) = j**2 + 2*j + 259. Let a be w(0). Suppose 370 = 2*y - u, -2*u - 2*u = -4*y + 740. Let t = a - y. List the prime factors of t.
2, 37
Let w(b) = -47*b**3 - 7*b**2 + 11*b + 32. What are the prime factors of w(-3)?
5, 241
Suppose -127399 = -43*r - 43377. List the prime factors of r.
2, 977
Let c = -210 - -2700. List the prime factors of c.
2, 3, 5, 83
Suppose -4*i = -2*d + 10, -5*d + 3*i + 18 = -0*i. List the prime factors of (7 + (-1852 - 7))/((-6)/d).
2, 463
Let q(i) = -44*i - 151. Let t be q(14). Let r = -186 - t. List the prime factors of r.
7, 83
What are the prime factors of (-96490)/(-14) - (-126)/147?
61, 113
Suppose 5*i = 3*g + 88696, 4*i - 2*g + g - 70954 = 0. What are the prime factors of i?
2, 7, 181
Suppose 8655*r - 8667*r = -243300. List the prime factors of r.
5, 811
Suppose 30*y = 22*y + 13*y - 23175. What are the prime factors of y?
3, 5, 103
Let y = -1093 + 713. List the prime factors of 0 + -2 - -2 - (y - 1).
3, 127
Let h(b) = 477*b**2 + 63*b - 178. What are the prime factors of h(-11)?
2, 43, 661
Let a be (11 - 5)/((-9)/(-60)). Suppose -2*j + a = 2*z, -4*z = -j - 39 - 56. Suppose 17*q = 1196 - z. What are the prime factors of q?
3, 23
Let c be (3/((-12)/88))/2. Let w be c/((-2)/52*-2). Let a = -64 - w. What are the prime factors of a?
79
Suppose -3*h + 195264 = 3*a, 12*a - 14*a + 65088 = h. What are the prime factors of h?
2, 3, 113
Let r(k) = 306*k**2 - 27*k + 305. List the prime factors of r(7).
2, 5, 1511
Suppose -90681 - 289699 = 144*z - 157*z. What are the prime factors of z?
2, 5, 7, 11, 19
Let t = 3708 + -1851. Suppose -4*f = w - 2469, 0 = -6*f + 3*f + w + t. List the prime factors of f.
2, 3, 103
Suppose 11*a + 0*a = -2*a. Suppose 4*v - 2096 - 428 = a. What are the prime factors of v?
631
Suppose 4*l - 87 = 5*t - 29, 4*t = 2*l - 32. Let d be l/(-18) - (42/(-9) - -2). Suppose 20 = -5*b, -3*g + d*b + 266 + 159 = 0. What are the prime factors of g?
139
Let s = 98 + -98. Suppose -5*w - 1473 = -4*y, 0 = -s*w - w - 1. What are the prime factors of y?
367
Let s(u) = 3*u + 1. Let v be s(1). Suppose v*k + 1044 = 7*k. What are the prime factors of k?
2, 3, 29
Suppose 9 = -3*z, 5*x + 5*z + 33 = -162. Let n = x + 38. Suppose -26 - 62 = -3*r - n*u, -4*r + 121 = -u. What are the prime factors of r?
2, 3, 5
Suppose 5*i - 5516 = 4*p, -i - 307 = 3*p - 1395. What are the prime factors of i?
2, 5, 11
Let n(p) = 64*p + 12603. What are the prime factors of n(0)?
3, 4201
Suppose -5*s - 91 = -w, 0 = -3*w - 0*s - 5*s + 173. Suppose 10*q = w - 16. Suppose -3*l + 5*a = -314, l + 4*l - 470 = -q*a. List the prime factors of l.
2, 7
Let t = -47325 + 58841. What are the prime factors of t?
2, 2879
Let p(f) = -10*f + 23. Let m be p(6). Let d = 37 + m. Suppose l - 26 - 68 = d. List the prime factors of l.
2, 47
Let u(b) = 215*b**3 - 5*b**2 + 5*b - 1. What are the prime factors of u(3)?
2, 2887
List the prime factors of ((-17)/(-2) - 3 - 5)*4 + 5306.
2, 1327
Suppose -5*h + 5*z - 80 = 0, 2*h + h + 2*z + 28 = 0. Let s be (-9)/((-27)/h) + 9. Suppose s*j - 119 = 276. What are the prime factors of j?
79
Let x(u) = 2*u**2 + 98*u - 31. Let o be x(-53). Suppose o*i - 1296 = 391*i. What are the prime factors of i?
2, 3
Suppose r + 4*v = -74, 3*r - 7*v + 3*v + 206 = 0. Let w = r + 72. Suppose -165 = -5*b - w*z + 654, z + 168 = b. List the prime factors of b.
3, 5, 11
Suppose -5*f = -4*w + 22386, -92*w - 5609 = -93*w - 5*f. What are the prime factors of w?
11, 509
Let q(v) = v**2 - 16*v - 15. Let w be q(13). Let f be (72/w)/(4/(-9)). What are the prime factors of 3 - 0 - (f - -1)*-35?
11, 13
Let i(n) = -975*n - 21. Let a be i(-7). Suppose 16*w = -2*w + a. List the prime factors of w.
2, 3, 7
Let y(v) = 2*v**2 - 57*v - 29. Let h be y(29). Let q(i) = -i**3 + 3*i**2 - 4*i + 214. What are the prime factors of q(h)?
2, 107
Let s(f) = -7*f**3 - 6*f**2 - 14*f - 58. List the prime factors of s(-11).
7, 17, 73
Let u = -147 + 42. Let s = u - -180. Suppose 3*w - s = 219. List the prime factors of w.
2, 7
What are the prime factors of (-9137856)/(-936)*((-10)/(-4) + -1)?
2, 7, 523
Suppose 15*b - 58*b = 114*b - 1308595. List the prime factors of b.
5, 1667
Suppose 1269*h = 1324*h - 596805. List the prime factors of h.
3, 3617
Let h be (-1)/((-1)/3)*1. Suppose -4*v + 2807 = r, 19*v - 16*v - 2102 = -4*r. Suppose 10*x = -h*x + v. What are the prime factors of x?
2, 3
Suppose -5*x - 7 = -k 